ine z(3).
5
Let l(f) = -f**3 - 7*f**2 + 2*f + 6. What is l(-6)?
-42
Let z(c) = -57*c + 1. Calculate z(1).
-56
Let n(b) = 11*b + 1. Determine n(-2).
-21
Let j(n) = -44*n**2 - 5*n + 6. Calculate j(1).
-43
Let u(r) = 5*r + 4. Calculate u(-1).
-1
Let p(k) = k**2 + 45*k - 134. Calculate p(3).
10
Let v(i) = -3*i - 8. Determine v(-4).
4
Let r(c) = c**2 + 28*c + 98. Calculate r(-5).
-17
Let d(x) = 4*x - 2. Give d(-5).
-22
Let y(u) = 2*u**2 + u + 3. Determine y(-4).
31
Let y(w) = -6*w + 1. What is y(10)?
-59
Let c(g) = -2*g**2 - 23*g + 18. Determine c(-10).
48
Let x(t) = t**2 + 10*t + 6. What is x(-4)?
-18
Let h(d) = -d**3 + 4*d**2 - 6*d. Calculate h(3).
-9
Let g(t) = 3*t + 3. What is g(-8)?
-21
Let s(u) = u**2 - 9*u - 27. What is s(11)?
-5
Let r(o) = -2*o**3 - 4*o**2 - 4*o - 2. Give r(-3).
28
Let a(n) = 2*n**2 + 25*n - 22. Determine a(-15).
53
Let z(d) = -d**3 - 6*d**2 - 9*d - 7. What is z(-6)?
47
Let a(g) = 3*g**2 + 6*g - 7. Calculate a(2).
17
Let a(u) = -21*u - 17. Give a(-1).
4
Let v(u) = 4*u**2 - 13*u - 23. Determine v(-3).
52
Let r(d) = 2*d**2 + 9*d - 26. Give r(-6).
-8
Let t(d) = -d**2 - 3*d - 1. Determine t(0).
-1
Let l(n) = -3*n - 4. Determine l(0).
-4
Let d(r) = 12*r**2 - 97*r - 7. Give d(8).
-15
Let z(v) = -2*v - 16. Calculate z(0).
-16
Let w(h) = h**3 - 7*h**2 + 4*h - 1. Give w(5).
-31
Let v(r) = -r**3 - 7*r**2 - 11*r + 7. Determine v(-5).
12
Let s(r) = 3*r**2 - 6. Give s(5).
69
Let n(y) = -y**3 - 7*y**2 - 7*y - 8. Determine n(-6).
-2
Let f(l) = -l**3 - 14*l**2 + l + 3. What is f(-14)?
-11
Let l(y) = -3*y - 1. Calculate l(-1).
2
Let b(d) = -d**2 - 2*d + 6. Calculate b(5).
-29
Let t(d) = 5*d**3 - 3*d**2 + 2*d + 1. Determine t(2).
33
Let v(x) = 11*x - 96. Calculate v(8).
-8
Let w(r) = -r**3 - 16*r**2 - 18*r + 13. Give w(-15).
58
Let r(s) = 16*s - 9. Calculate r(-2).
-41
Let o(m) = -2*m**2 + 33*m + 86. What is o(19)?
-9
Let q(c) = 11*c**3 + 4*c**2 + 4*c + 2. Calculate q(-1).
-9
Let s(d) = d**2 + 6*d - 4. Give s(-7).
3
Let o(i) = -7*i**2 + 3*i - 2. Determine o(1).
-6
Let z(h) = -h**3 + 14*h**2 - h + 11. Determine z(14).
-3
Let x(w) = 3*w**2 - 2*w - 4. Give x(3).
17
Let i(w) = 4*w**3 - 2*w**2 - 2. What is i(2)?
22
Let v(g) = 3*g - 7. What is v(-9)?
-34
Let p(k) = k**2 + 5*k - 7. Determine p(-5).
-7
Let s(m) = -m**2 + 12*m + 38. What is s(15)?
-7
Let x(n) = 6*n + 29. Give x(-7).
-13
Let d(q) = 5*q + 16. Determine d(-8).
-24
Let x(h) = 6*h - 2. Calculate x(-5).
-32
Let d(v) = v**2 + v + 19. Determine d(0).
19
Let t(p) = -12*p**2 + 64*p + 1. What is t(6)?
-47
Let p(y) = -y - 9. What is p(-5)?
-4
Let t(p) = 9*p**2 + p - 6. Give t(0).
-6
Let j(q) = -q**3 + 9*q**2 - 5*q - 3. What is j(8)?
21
Let k(v) = -v**3 - 12*v**2 + 29*v + 2. Calculate k(-14).
-12
Let b(y) = -6*y**2 - 14*y - 19. Calculate b(-2).
-15
Let y(m) = -m**2 - 3*m + 6. Determine y(-4).
2
Let u(j) = j**3 + 7*j**2 - 2*j - 24. What is u(-6)?
24
Let m(n) = -4*n + 6. Give m(-1).
10
Let r(n) = -n**3 + 5*n**2 + 10*n - 4. Calculate r(7).
-32
Let q(m) = 5*m + 57. Calculate q(-15).
-18
Let o(c) = c**2 - 53*c + 676. Calculate o(32).
4
Let f(z) = -z**2 + 15*z - 18. Calculate f(14).
-4
Let g(x) = 5*x**3 - 333*x**2 - 133*x - 63. What is g(67)?
4
Let f(h) = -h**2 - 4*h + 160. What is f(-15)?
-5
Let r(c) = -2*c**2 + 19*c - 10. Determine r(11).
-43
Let j(g) = -2*g**2 + 20*g - 6. Determine j(9).
12
Let l(t) = -t - 9. What is l(14)?
-23
Let f(o) = o - 1. Determine f(9).
8
Let y(x) = x**3 - 10*x**2 + x. What is y(10)?
10
Let p(i) = -i**3 - 5. Determine p(0).
-5
Let l(k) = k**3 - k**2 - 4*k - 5. Give l(4).
27
Let j(l) = l**3 - 4*l**2 - 6*l + 9. Determine j(5).
4
Let u(k) = -k**3 - 6*k**2 - 5*k - 10. Determine u(-6).
20
Let u(w) = 107*w - 113. Give u(1).
-6
Let x(a) = -2*a. Calculate x(-15).
30
Let r(j) = 4*j + 23. Calculate r(-7).
-5
Let l(p) = -10*p - 430. Determine l(-44).
10
Let j(a) = -3*a - 68. What is j(-8)?
-44
Let r(t) = 2*t**3 - 6*t**2 - 5*t. Give r(-1).
-3
Let a(k) = 44*k - 127. Calculate a(3).
5
Let m(r) = -3*r - 13. Determine m(11).
-46
Let x(o) = 4*o - 30. Give x(9).
6
Let r(l) = -l**3 - 13*l**2 - 38*l - 7. Calculate r(-8).
-23
Let n(q) = -3*q**2 - 42*q + 93. What is n(2)?
-3
Let g(k) = -k**2 - 23*k - 61. Calculate g(-20).
-1
Let l(d) = d**3 + 7*d**2 - 14*d - 22. Calculate l(-8).
26
Let k(r) = r**2 - 4*r + 3. Determine k(5).
8
Let r(n) = n**2 + 8*n - 1. Give r(-8).
-1
Let v(i) = -i**2 + 7*i + 11. Give v(8).
3
Let o(r) = 3*r - 11. What is o(2)?
-5
Let p(c) = 24*c**2 + c. Give p(1).
25
Let h(w) = -w**3 - 2*w**2 + w - 2. Determine h(-3).
4
Let i(q) = q**3 + 8*q**2 + 17*q + 14. Give i(-6).
-16
Let r(o) = o**3 - o**2 + 2*o - 2. Give r(2).
6
Let x(s) = 7*s + 10. Determine x(-4).
-18
Let i(u) = -5*u**2 - 71*u - 18. Calculate i(-14).
-4
Let h(x) = -2*x - 3. Determine h(-5).
7
Let b(m) = 185*m + 1307. Calculate b(-7).
12
Let d(f) = -77*f**3 + f**2. Calculate d(1).
-76
Let m(c) = -c**3 + c**2 - c + 33. What is m(0)?
33
Let p(y) = 6*y + 8. Calculate p(-5).
-22
Let j(n) = -5*n**3 + 3*n**2 + 20*n - 21. Calculate j(1).
-3
Let t(v) = -2*v**2 + 15*v + 12. Give t(8).
4
Let r(o) = -o**2 - 13*o - 23. What is r(-8)?
17
Let g(t) = 4*t - 75. What is g(19)?
1
Let c(x) = -22*x + 75. Calculate c(3).
9
Let d(z) = z**2 - 5*z - 34. Determine d(9).
2
Let p(c) = -c**2 + 10*c - 2. Calculate p(10).
-2
Let j(h) = -h**2 + 46. Calculate j(0).
46
Let j(z) = -z + 4. Calculate j(4).
0
Let o(x) = -12*x + 30. What is o(3)?
-6
Let s(j) = j**3 - 21*j**2 - 27*j + 25. Give s(22).
-85
Let a(l) = -l**3 + 6*l**2 + 3*l + 4. Give a(5).
44
Let k(c) = -c**3 + 11*c**2 - 11*c - 9. What is k(10)?
-19
Let j(k) = 9*k - 71. Give j(9).
10
Let s(z) = z + 33. Calculate s(-18).
15
Let b(h) = 2*h**2 + 13*h - 19. Calculate b(-8).
5
Let n(t) = -t**2 + 13*t - 7. Determine n(9).
29
Let c(n) = 2*n**2 - 4*n + 4. What is c(7)?
74
Let c(t) = t + 4. Calculate c(-6).
-2
Let n(z) = 7*z**3 + z**2 + 3*z - 3. Determine n(1).
8
Let n(q) = q**3 - 21*q**2 + 91*q - 10. What is n(15)?
5
Let u(b) = -b**3 - 12*b**2 - 9*b - 2. What is u(-11)?
-24
Let j(r) = r**2 - 12*r - 22. Calculate j(14).
6
Let o(x) = -18*x - 77. Give o(-5).
13
Let i(u) = 17*u**3 - 2*u**2 + 2*u. Calculate i(1).
17
Let r(n) = n**2 - 16*n + 9. Calculate r(6).
-51
Let y(a) = -9*a + 28. Give y(4).
-8
Let l(h) = -42*h - 77. What is l(-5)?
133
Let m(n) = -3*n - 30. Determine m(-12).
6
Let t(q) = 2*q**2 + 10*q - 1. What is t(-7)?
27
Let g(w) = 5*w + 38. Give g(-7).
3
Let d(r) = -7*r**3 - 3*r**2 - 2*r. Give d(-1).
6
Let v(c) = c**3 + 19*c**2 + 16*c - 34. What is v(-18)?
2
Let g(l) = -l**3 + 7*l**2 - 4*l + 1. What is g(6)?
13
Let h(l) = -l**2 + 4*l + 7. Give h(6).
-5
Let h(a) = -2*a - 56. Calculate h(-7).
-42
Let k(z) = z**3 + 9*z**2 - 21*z + 3. Determine k(-11).
-8
Let q(v) = v + 42. Calculate q(-28).
14
Let g(d) = -d**2 - 9*d + 16. What is g(-12)?
-20
Let j(v) = -2*v**3 + 7*v**2 + 9*v - 13. Calculate j(4).
7
Let g(m) = 3*m**2 + 46*m + 166. Give g(-10).
6
Let v(f) = -f**3 - 9*f**2 - f - 10. Determine v(-9).
-1
Let f(r) = r - 9. Calculate f(11).
2
Let t(m) = -m**3 + m + 1. Determine t(2).
-5
Let t(n) = -n**2 - 8*n - 3. Calculate t(-6).
9
Let a(c) = 14*c + 24. Give a(-1).
10
Let s(w) = -w**3 + 2*w**2 + 12*w - 42. Calculate s(0).
-42
Let h(u) = -7*u - 2. Give h(2).
-16
Let r(x) = -12*x + 156. Determine r(13).
0
Let k(v) = 2*v - 20. Calculate k(-9).
-38
Let d(q) = q**3 + 12*q**2 - 2*q - 8. Determine d(-12).
16
Let g(x) = x**2 - 18*x + 43. Give g(14).
-13
Let f(x) = -x**3 + x**2 + x - 2. What is f(0)?
-2
Let a(i) = -i**2 + 13*i - 26. What is a(7)?
16
Let f(o) = -5*o + 26. Determine f(-12).
86
Let g(v) = -3*v + 7. Give g(5).
-8
Let d(j) = j**3 - 7*j**2 + 7*j + 2. Give d(7).
51
Let j(s) = 10*s - 71. What is j(3)?
-41
Let u(d) = -d**2 + 9*d - 15. Give u(7).
-1
Let r(b) = 3*b + 2. Determine r(1).
5
Let o(s) = s**2 + 49*s + 262. What is o(-6)?
4
Let h(s) = -s**2 + 38*s - 320. What is h(15)?
25
Let w(m) = m**2 + 4*m - 13. Give w(6).
47
Let j(i) = i**2 - 14*i - 46. Calculate j(17).
5
Let n(r) = r**2 + 14*r + 3. Give n(-13).
-10
Let t(g) = -7*g**2 - 39*g + 21. What is t(-6)?
3
Let q(v) = v**3 - 9*v**2 - 10*v + 7. Determine q(10).
7
Let b(i) = -3*i**3 - 33*i**2 - i - 12. What is b(-11)?
-1
Let u(x) = -x - 15. Calculate u(0).
-15
Let l(g) = -g**2 + 8*g + 1281. Give l(40).
1
Let r(z) = -z**3 + 29*z**2 + 31*z - 45. Give r(30).
-1